{"id":762,"date":"2020-12-25T16:27:45","date_gmt":"2020-12-25T16:27:45","guid":{"rendered":"https:\/\/moren.la-studioweb.com\/?page_id=762"},"modified":"2026-04-23T10:24:43","modified_gmt":"2026-04-23T13:24:43","slug":"main-03","status":"publish","type":"page","link":"https:\/\/dihoffmann.com.br\/","title":{"rendered":"Main 03"},"content":{"rendered":"\t\t<div data-elementor-type=\"wp-page\" data-elementor-id=\"762\" class=\"elementor elementor-762\">\n\t\t\t\t\t\t<div class=\"elementor-section elementor-top-section elementor-element elementor-element-a9a0058 elementor-section-full_width elementor-section-height-default elementor-section-height-default\" data-id=\"a9a0058\" data-element_type=\"section\">\n\t\t\t\t\t\t<div class=\"elementor-container elementor-column-gap-no\">\n\t\t\t\t\t<div class=\"elementor-column elementor-col-100 elementor-top-column elementor-element elementor-element-9564570\" data-id=\"9564570\" data-element_type=\"column\">\n\t\t\t<div class=\"elementor-widget-wrap elementor-element-populated\">\n\t\t\t\t\t\t<div class=\"elementor-element elementor-element-8405557 elementor--v-position-middle elementor-widget elementor-widget-lastudio-slides\" data-id=\"8405557\" data-element_type=\"widget\" data-widget_type=\"lastudio-slides.default\">\n\t\t\t\t<div class=\"elementor-widget-container\">\n\t\t\t\t\t\t\t<div class=\"elementor-slides-wrapper elementor-slick-slider\" dir=\"ltr\">\n\t\t\t<div class=\"lastudio-carousel elementor-slides\" data-slider_options=\"{&quot;slidesToShow&quot;:1,&quot;autoplaySpeed&quot;:0,&quot;autoplay&quot;:false,&quot;infinite&quot;:true,&quot;pauseOnHover&quot;:true,&quot;speed&quot;:900,&quot;arrows&quot;:true,&quot;dots&quot;:true,&quot;rtl&quot;:false,&quot;prevArrow&quot;:&quot;&lt;button class=\\&quot;lastudio-arrow prev-arrow slick-prev slick-arrow\\&quot;&gt;&lt;i class=\\&quot;lastudioicon-left-arrow\\&quot;&gt;&lt;\\\/i&gt;&lt;\\\/button&gt;&quot;,&quot;nextArrow&quot;:&quot;&lt;button class=\\&quot;lastudio-arrow next-arrow slick-next slick-arrow\\&quot;&gt;&lt;i class=\\&quot;lastudioicon-right-arrow\\&quot;&gt;&lt;\\\/i&gt;&lt;\\\/button&gt;&quot;}\" data-animation=\"fadeInUp\">\n\t\t\t\t<div class=\"elementor-repeater-item-a537522  slick-slide\"><div class=\"slick-slide-wrapbg\"><div class=\"slick-slide-bg\"><\/div><\/div><a href=\"https:\/\/dihoffmann.com.br\/?page_id=3410\" class=\"slick-slide-inner\"><div class=\"elementor-slide-content\"><div class=\"elementor-slide-subheading\">Chegou a cole\u00e7\u00e3o Inverno 26<\/div><div class=\"elementor-slide-heading\">Mais presen\u00e7a nos dias frios<\/div><div class=\"elementor-slide-description\">Tecidos mais encorpados e caimento preciso para atravessar a esta\u00e7\u00e3o com muito conforto.<\/div><div  class=\"elementor-button elementor-slide-button elementor-size-sm\">Veja a cole\u00e7\u00e3o<\/div><\/div><\/a><\/div><div class=\"elementor-repeater-item-4c6e1ab  slick-slide\"><div class=\"slick-slide-wrapbg\"><div class=\"slick-slide-bg elementor-ken-in\"><a href=\"http:\/\/dihoffmann.com.br\/?page_id=3057\"><\/a><\/div><\/div><div  class=\"slick-slide-inner\"><div class=\"elementor-slide-content\"><div class=\"elementor-slide-subheading\">DiHoffmann Camisaria<\/div><div class=\"elementor-slide-description\">Cada camisa \u00e9 o resultado de processos meticulosos que definem o nosso padr\u00e3o de excel\u00eancia. Recomendamos verificar a disponibilidade de nossos produtos via WhatsApp: (43) 3232-1490<\/div><a href=\"http:\/\/dihoffmann.com.br\/?page_id=3057\" class=\"elementor-button elementor-slide-button elementor-size-sm\">Conhecer a cole\u00e7\u00e3o<\/a><\/div><\/div><\/div><div class=\"elementor-repeater-item-04d9476  slick-slide\"><div class=\"slick-slide-wrapbg\"><div class=\"slick-slide-bg elementor-ken-in\"><\/div><\/div><a href=\"http:\/\/wa.me\/+554332321490\" target=\"_blank\" class=\"slick-slide-inner\"><div class=\"elementor-background-overlay\"><\/div><div class=\"elementor-slide-content\"><div class=\"elementor-slide-subheading\">Como comprar?<\/div><div class=\"elementor-slide-heading\">Encontramos a loja mais pr\u00f3xima<\/div><div class=\"elementor-slide-description\">Voc\u00ea encontra DiHoffmann em lojas especializadas em todo o pa\u00eds. No momento n\u00e3o trabalhamos com venda online. Mas voc\u00ea pode entrar em contato conosco que vamos indicar a loja mais pr\u00f3xima.<\/div><div  class=\"elementor-button elementor-slide-button elementor-size-sm\">Clique e fale com a gente<\/div><\/div><\/a><\/div>\t\t\t<\/div>\n\t\t<\/div>\n\t\t\t\t\t\t<\/div>\n\t\t\t\t<\/div>\n\t\t\t\t\t<\/div>\n\t\t<\/div>\n\t\t\t\t\t<\/div>\n\t\t<\/div>\n\t\t<div class=\"elementor-element elementor-element-92be5ce e-flex e-con-boxed e-con e-parent\" data-id=\"92be5ce\" data-element_type=\"container\">\n\t\t\t\t\t<div class=\"e-con-inner\">\n\t\t<div class=\"elementor-element elementor-element-9d6a3ac e-con-full e-flex e-con e-child\" data-id=\"9d6a3ac\" data-element_type=\"container\">\n\t\t\t\t<div class=\"elementor-element elementor-element-f8d8539 elementor-widget elementor-widget-image\" data-id=\"f8d8539\" data-element_type=\"widget\" data-widget_type=\"image.default\">\n\t\t\t\t<div class=\"elementor-widget-container\">\n\t\t\t\t\t\t\t\t\t\t\t\t\t\t\t<img fetchpriority=\"high\" decoding=\"async\" width=\"1080\" height=\"1350\" src=\"https:\/\/dihoffmann.com.br\/wp-content\/uploads\/2026\/04\/DiHoffmann-05.1246083.jpg\" class=\"attachment-large size-large wp-image-3421\" alt=\"\" \/>\t\t\t\t\t\t\t\t\t\t\t\t\t\t\t<\/div>\n\t\t\t\t<\/div>\n\t\t\t\t<\/div>\n\t\t<div class=\"elementor-element elementor-element-a950e34 e-con-full e-flex e-con e-child\" data-id=\"a950e34\" data-element_type=\"container\">\n\t\t\t\t<div class=\"elementor-element elementor-element-4650522 elementor-align-center elementor-widget elementor-widget-button\" data-id=\"4650522\" data-element_type=\"widget\" data-widget_type=\"button.default\">\n\t\t\t\t<div class=\"elementor-widget-container\">\n\t\t\t\t\t\t\t\t\t<div class=\"elementor-button-wrapper\">\n\t\t\t\t\t<a class=\"elementor-button elementor-button-link elementor-size-sm\" href=\"https:\/\/dihoffmann.com.br\/?page_id=3410\">\n\t\t\t\t\t\t<span class=\"elementor-button-content-wrapper\">\n\t\t\t\t\t\t\t\t\t<span class=\"elementor-button-text\">Cole\u00e7\u00e3o Inverno 26<\/span>\n\t\t\t\t\t<\/span>\n\t\t\t\t\t<\/a>\n\t\t\t\t<\/div>\n\t\t\t\t\t\t\t\t<\/div>\n\t\t\t\t<\/div>\n\t\t\t\t<\/div>\n\t\t\t\t\t<\/div>\n\t\t\t\t<\/div>\n\t\t<div class=\"elementor-element elementor-element-ffe96c7 e-flex e-con-boxed e-con e-parent\" data-id=\"ffe96c7\" data-element_type=\"container\">\n\t\t\t\t\t<div class=\"e-con-inner\">\n\t\t<div class=\"elementor-element elementor-element-29dddab e-con-full e-flex e-con e-child\" data-id=\"29dddab\" data-element_type=\"container\">\n\t\t\t\t<div class=\"elementor-element elementor-element-1e3b89e elementor-widget elementor-widget-image\" data-id=\"1e3b89e\" data-element_type=\"widget\" data-widget_type=\"image.default\">\n\t\t\t\t<div class=\"elementor-widget-container\">\n\t\t\t\t\t\t\t\t\t\t\t\t\t\t\t<img decoding=\"async\" width=\"1080\" height=\"1350\" src=\"https:\/\/dihoffmann.com.br\/wp-content\/uploads\/2025\/11\/DiHoffmann-14.085223.jpg\" class=\"attachment-large size-large wp-image-3378\" alt=\"\" \/>\t\t\t\t\t\t\t\t\t\t\t\t\t\t\t<\/div>\n\t\t\t\t<\/div>\n\t\t\t\t<\/div>\n\t\t<div class=\"elementor-element elementor-element-8135735 e-con-full e-flex e-con e-child\" data-id=\"8135735\" data-element_type=\"container\">\n\t\t\t\t<div class=\"elementor-element elementor-element-57e9d7e elementor-align-center elementor-widget elementor-widget-button\" data-id=\"57e9d7e\" data-element_type=\"widget\" data-widget_type=\"button.default\">\n\t\t\t\t<div class=\"elementor-widget-container\">\n\t\t\t\t\t\t\t\t\t<div class=\"elementor-button-wrapper\">\n\t\t\t\t\t<a class=\"elementor-button elementor-button-link elementor-size-sm\" href=\"http:\/\/dihoffmann.com.br\/?page_id=3314\">\n\t\t\t\t\t\t<span class=\"elementor-button-content-wrapper\">\n\t\t\t\t\t\t\t\t\t<span class=\"elementor-button-text\">Cole\u00e7\u00e3o Ver\u00e3o 26<\/span>\n\t\t\t\t\t<\/span>\n\t\t\t\t\t<\/a>\n\t\t\t\t<\/div>\n\t\t\t\t\t\t\t\t<\/div>\n\t\t\t\t<\/div>\n\t\t\t\t<\/div>\n\t\t\t\t\t<\/div>\n\t\t\t\t<\/div>\n\t\t\t\t<div class=\"elementor-section elementor-top-section elementor-element elementor-element-d6ab332 elementor-section-full_width elementor-section-height-default elementor-section-height-default\" data-id=\"d6ab332\" data-element_type=\"section\" data-settings=\"{&quot;background_background&quot;:&quot;classic&quot;,&quot;background_motion_fx_motion_fx_scrolling&quot;:&quot;yes&quot;,&quot;background_motion_fx_translateY_effect&quot;:&quot;yes&quot;,&quot;background_motion_fx_devices&quot;:[&quot;desktop&quot;,&quot;tablet&quot;],&quot;background_motion_fx_translateY_speed&quot;:{&quot;unit&quot;:&quot;px&quot;,&quot;size&quot;:3,&quot;sizes&quot;:[]},&quot;background_motion_fx_translateY_affectedRange&quot;:{&quot;unit&quot;:&quot;%&quot;,&quot;size&quot;:&quot;&quot;,&quot;sizes&quot;:{&quot;start&quot;:20,&quot;end&quot;:80}}}\">\n\t\t\t\t\t\t\t<div class=\"elementor-background-overlay\"><\/div>\n\t\t\t\t\t\t\t<div class=\"elementor-container elementor-column-gap-no\">\n\t\t\t\t\t<div class=\"elementor-column elementor-col-100 elementor-top-column elementor-element elementor-element-bffe82f\" data-id=\"bffe82f\" data-element_type=\"column\">\n\t\t\t<div class=\"elementor-widget-wrap\">\n\t\t\t\t\t\t\t<\/div>\n\t\t<\/div>\n\t\t\t\t\t<\/div>\n\t\t<\/div>\n\t\t\t\t<div class=\"elementor-section elementor-top-section elementor-element elementor-element-8550aff elementor-section-boxed elementor-section-height-default elementor-section-height-default\" data-id=\"8550aff\" data-element_type=\"section\">\n\t\t\t\t\t\t<div class=\"elementor-container elementor-column-gap-no\">\n\t\t\t\t\t<div class=\"elementor-column elementor-col-100 elementor-top-column elementor-element elementor-element-4e46049\" data-id=\"4e46049\" data-element_type=\"column\">\n\t\t\t<div class=\"elementor-widget-wrap elementor-element-populated\">\n\t\t\t\t\t\t<div class=\"elementor-element elementor-element-fed139d elementor-widget elementor-widget-heading\" data-id=\"fed139d\" data-element_type=\"widget\" data-widget_type=\"heading.default\">\n\t\t\t\t<div class=\"elementor-widget-container\">\n\t\t\t\t\t<h2 class=\"elementor-heading-title elementor-size-default\">FIQUE POR DENTRO<\/h2>\t\t\t\t<\/div>\n\t\t\t\t<\/div>\n\t\t\t\t<div class=\"elementor-element elementor-element-e0dde7b elementor-widget__width-initial elementor-widget elementor-widget-text-editor\" data-id=\"e0dde7b\" data-element_type=\"widget\" data-widget_type=\"text-editor.default\">\n\t\t\t\t<div class=\"elementor-widget-container\">\n\t\t\t\t\t\t\t\t\t<p>Cadastre seu email para receber novidades e promo\u00e7\u00f5es no futuro.<\/p>\t\t\t\t\t\t\t\t<\/div>\n\t\t\t\t<\/div>\n\t\t\t\t<div class=\"elementor-element elementor-element-5b16bbd elementor-widget__width-initial elementor-widget elementor-widget-lastudio-subscribe-form\" data-id=\"5b16bbd\" data-element_type=\"widget\" data-widget_type=\"lastudio-subscribe-form.default\">\n\t\t\t\t<div class=\"elementor-widget-container\">\n\t\t\t\t\t<div class=\"lastudio-subscribe-form lastudio-subscribe-form--inline-layout\" data-settings=\"{&quot;redirect&quot;:false,&quot;redirect_url&quot;:&quot;#&quot;,&quot;use_target_list_id&quot;:false,&quot;target_list_id&quot;:&quot;&quot;}\">\n\t<form method=\"POST\" action=\"#\" class=\"lastudio-subscribe-form__form\">\n\t\t<div class=\"lastudio-subscribe-form__input-group\">\n\t\t\t<div class=\"lastudio-subscribe-form__fields\">\n\t\t\t\t<input class=\"lastudio-subscribe-form__input lastudio-subscribe-form__mail-field\" type=\"email\" name=\"email\" placeholder=\"Digite seu email aqui\" data-instance-data=\"[]\"\/><\/div>\n            <a class=\"lastudio-subscribe-form__submit elementor-button elementor-size-md\" href=\"#\"><span class=\"elementor-icon\"><i aria-hidden=\"true\" class=\"lastudio-subscribe-form__submit-icon lastudioicon lastudioicon-arrow-right\"><\/i><\/span><span class=\"lastudio-subscribe-form__submit-text\">Assinar<\/span><\/a>\n\t\t<\/div>\n\t\t<div class=\"lastudio-subscribe-form__message\"><div class=\"lastudio-subscribe-form__message-inner\"><span><\/span><\/div><\/div>\n\t<\/form>\n<\/div>\n\t\t\t\t<\/div>\n\t\t\t\t<\/div>\n\t\t\t\t\t<\/div>\n\t\t<\/div>\n\t\t\t\t\t<\/div>\n\t\t<\/div>\n\t\t\t\t<\/div>\n\t\t","protected":false},"excerpt":{"rendered":"","protected":false},"author":1,"featured_media":0,"parent":0,"menu_order":0,"comment_status":"closed","ping_status":"closed","template":"","meta":{"footnotes":""},"class_list":["post-762","page","type-page","status-publish","hentry"],"jetpack_sharing_enabled":true,"_links":{"self":[{"href":"https:\/\/dihoffmann.com.br\/index.php?rest_route=\/wp\/v2\/pages\/762","targetHints":{"allow":["GET"]}}],"collection":[{"href":"https:\/\/dihoffmann.com.br\/index.php?rest_route=\/wp\/v2\/pages"}],"about":[{"href":"https:\/\/dihoffmann.com.br\/index.php?rest_route=\/wp\/v2\/types\/page"}],"author":[{"embeddable":true,"href":"https:\/\/dihoffmann.com.br\/index.php?rest_route=\/wp\/v2\/users\/1"}],"replies":[{"embeddable":true,"href":"https:\/\/dihoffmann.com.br\/index.php?rest_route=%2Fwp%2Fv2%2Fcomments&post=762"}],"version-history":[{"count":77,"href":"https:\/\/dihoffmann.com.br\/index.php?rest_route=\/wp\/v2\/pages\/762\/revisions"}],"predecessor-version":[{"id":3509,"href":"https:\/\/dihoffmann.com.br\/index.php?rest_route=\/wp\/v2\/pages\/762\/revisions\/3509"}],"wp:attachment":[{"href":"https:\/\/dihoffmann.com.br\/index.php?rest_route=%2Fwp%2Fv2%2Fmedia&parent=762"}],"curies":[{"name":"wp","href":"https:\/\/api.w.org\/{rel}","templated":true}]}}